{"id":92,"date":"2017-02-07T14:18:32","date_gmt":"2017-02-07T13:18:32","guid":{"rendered":"https:\/\/www.groupepremier.fr\/?page_id=92"},"modified":"2026-03-04T14:26:14","modified_gmt":"2026-03-04T13:26:14","slug":"veranda-nice","status":"publish","type":"page","link":"https:\/\/www.groupepremier.fr\/?page_id=92","title":{"rendered":"V\u00e9randa Nice"},"content":{"rendered":"<p>[et_pb_section fb_built=\u00a0\u00bb1&Prime; fullwidth=\u00a0\u00bbon\u00a0\u00bb admin_label=\u00a0\u00bbSection\u00a0\u00bb _builder_version=\u00a0\u00bb4.16&Prime; global_colors_info=\u00a0\u00bb{}\u00a0\u00bb][et_pb_fullwidth_image src=\u00a0\u00bbhttps:\/\/www.groupepremier.fr\/wp-content\/uploads\/2017\/02\/header-veranda-nice.jpg\u00a0\u00bb admin_label=\u00a0\u00bbImage en pleine largeur\u00a0\u00bb _builder_version=\u00a0\u00bb4.16&Prime; animation_style=\u00a0\u00bbslide\u00a0\u00bb animation_direction=\u00a0\u00bbleft\u00a0\u00bb animation_duration=\u00a0\u00bb500ms\u00a0\u00bb animation_intensity_slide=\u00a0\u00bb10%\u00a0\u00bb global_colors_info=\u00a0\u00bb{}\u00a0\u00bb][\/et_pb_fullwidth_image][\/et_pb_section][et_pb_section fb_built=\u00a0\u00bb1&Prime; admin_label=\u00a0\u00bbsection\u00a0\u00bb _builder_version=\u00a0\u00bb4.16&Prime; global_colors_info=\u00a0\u00bb{}\u00a0\u00bb][et_pb_row admin_label=\u00a0\u00bbrow\u00a0\u00bb _builder_version=\u00a0\u00bb4.16&Prime; background_size=\u00a0\u00bbinitial\u00a0\u00bb background_position=\u00a0\u00bbtop_left\u00a0\u00bb background_repeat=\u00a0\u00bbrepeat\u00a0\u00bb global_colors_info=\u00a0\u00bb{}\u00a0\u00bb][et_pb_column type=\u00a0\u00bb4_4&Prime; _builder_version=\u00a0\u00bb4.16&Prime; custom_padding=\u00a0\u00bb|||\u00a0\u00bb global_colors_info=\u00a0\u00bb{}\u00a0\u00bb custom_padding__hover=\u00a0\u00bb|||\u00a0\u00bb][et_pb_text admin_label=\u00a0\u00bbTexte\u00a0\u00bb _builder_version=\u00a0\u00bb4.16&Prime; background_size=\u00a0\u00bbinitial\u00a0\u00bb background_position=\u00a0\u00bbtop_left\u00a0\u00bb background_repeat=\u00a0\u00bbrepeat\u00a0\u00bb global_colors_info=\u00a0\u00bb{}\u00a0\u00bb]<\/p>\n<h1>Vos v\u00e9randas sur Nice, Cannes et Menton<\/h1>\n<p>Claire et lumineuse, la v\u00e9randa constitue aujourd&rsquo;hui une v\u00e9ritable pi\u00e8ce \u00e0 vivre, habitable toute l&rsquo;ann\u00e9e.<\/p>\n<p>Des technico-commerciaux sont \u00e0 votre disposition pour vous aider \u00e0 r\u00e9aliser ou orienter vos projets de conception de v\u00e9randa par un am\u00e9nagement appropri\u00e9 des surfaces mises \u00e0 disposition, gr\u00e2ce \u00e0 de nombreux mat\u00e9riaux innovants et performants permettant un large choix de r\u00e9alisations.<\/p>\n<p>Notre savoir faire sera mis \u00e0 votre disposition, y compris pour les d\u00e9marches administratives.<\/p>\n<p>Nos v\u00e9randas vous garantissent isolation, luminosit\u00e9, \u00e9tanch\u00e9it\u00e9, confort, r\u00e9sistance et durabilit\u00e9. Le co\u00fbt est variable selon vos projets de construction, ainsi que de part la nature des diff\u00e9rents mat\u00e9riaux employ\u00e9s pour la r\u00e9alisation.<\/p>\n<p>Vous avez aussi le choix entre diff\u00e9rentes toitures, diff\u00e9rentes \u00e9paisseurs, diff\u00e9rents styles esth\u00e9tiques: thermotop, plaque alv\u00e9olaire, toiture en verre, fa\u00e7on tuile traditionnelle&#8230;<br \/>\n[\/et_pb_text][\/et_pb_column][\/et_pb_row][et_pb_row _builder_version=\u00a0\u00bb4.16&Prime; background_size=\u00a0\u00bbinitial\u00a0\u00bb background_position=\u00a0\u00bbtop_left\u00a0\u00bb background_repeat=\u00a0\u00bbrepeat\u00a0\u00bb global_colors_info=\u00a0\u00bb{}\u00a0\u00bb][et_pb_column type=\u00a0\u00bb4_4&Prime; _builder_version=\u00a0\u00bb4.16&Prime; custom_padding=\u00a0\u00bb|||\u00a0\u00bb global_colors_info=\u00a0\u00bb{}\u00a0\u00bb custom_padding__hover=\u00a0\u00bb|||\u00a0\u00bb][et_pb_text _builder_version=\u00a0\u00bb4.16&Prime; background_size=\u00a0\u00bbinitial\u00a0\u00bb background_position=\u00a0\u00bbtop_left\u00a0\u00bb background_repeat=\u00a0\u00bbrepeat\u00a0\u00bb global_colors_info=\u00a0\u00bb{}\u00a0\u00bb]<\/p>\n<h2>Nos zones d&rsquo;intervention<\/h2>\n<p>Notre passion ? Transformer vos espaces de vie avec des v\u00e9randas sur mesure, de la vall\u00e9e du Var jusqu&rsquo;au littoral m\u00e9diterran\u00e9en. Nous couvrons un territoire riche et diversifi\u00e9, des communes urbaines des <strong>Alpes-Maritimes (06<\/strong>) comme <strong>Nice <\/strong>et <strong>Cannes<\/strong> aux villages perch\u00e9s comme <strong>Luc\u00e9ram.<\/strong><\/p>\n<p>Nos principales zones d&rsquo;intervention incluent par exemple\u00a0:<\/p>\n<ul>\n<li><strong>Le Cannet<\/strong><\/li>\n<li><strong>Vallauris<\/strong><\/li>\n<li><strong>Grasse<\/strong><\/li>\n<li><strong>Juan-les-Pins<\/strong><\/li>\n<li><strong>Vence<\/strong><\/li>\n<li><strong>Etc<\/strong>.<\/li>\n<\/ul>\n<p>Chaque v\u00e9randa que nous concevons est pens\u00e9e comme une extension unique de votre habitat, alliant innovation technique et respect architectural.<\/p>\n<p>Dans les communes plus intimistes comme <strong>Tourrettes-sur-Loup<\/strong>, <strong>Saint-Paul-de-Vence<\/strong>, <strong>Gourdon<\/strong> ou <strong>Coursegoules<\/strong>, nous adaptons nos cr\u00e9ations aux caract\u00e9ristiques de chaque environnement. Nos v\u00e9randas deviennent de v\u00e9ritables trait d&rsquo;union entre int\u00e9rieur et ext\u00e9rieur, valorisant le patrimoine local.<\/p>\n<p>Nous \u00e9tendons \u00e9galement nos services \u00e0 <strong>Villefranche-sur-Mer<\/strong>, <strong>Roquebrune-Cap-Martin<\/strong> et jusqu&rsquo;\u00e0 la principaut\u00e9 de <strong>Monaco<\/strong>, o\u00f9 l&rsquo;\u00e9l\u00e9gance et la pr\u00e9cision sont des ma\u00eetres mots.<br \/>\n[\/et_pb_text][\/et_pb_column][\/et_pb_row][et_pb_row admin_label=\u00a0\u00bbLigne\u00a0\u00bb _builder_version=\u00a0\u00bb3.25&Prime; background_size=\u00a0\u00bbinitial\u00a0\u00bb background_position=\u00a0\u00bbtop_left\u00a0\u00bb background_repeat=\u00a0\u00bbrepeat\u00a0\u00bb custom_padding=\u00a0\u00bb8px|||||\u00a0\u00bb make_fullwidth=\u00a0\u00bboff\u00a0\u00bb use_custom_width=\u00a0\u00bboff\u00a0\u00bb width_unit=\u00a0\u00bbon\u00a0\u00bb global_module=\u00a0\u00bb1178&Prime; global_colors_info=\u00a0\u00bb{}\u00a0\u00bb][et_pb_column type=\u00a0\u00bb4_4&Prime; _builder_version=\u00a0\u00bb4.16&Prime; custom_padding=\u00a0\u00bb|||\u00a0\u00bb global_colors_info=\u00a0\u00bb{}\u00a0\u00bb custom_padding__hover=\u00a0\u00bb|||\u00a0\u00bb][et_pb_button button_url=\u00a0\u00bbhttps:\/\/www.groupepremier.fr\/?page_id=69&Prime; button_text=\u00a0\u00bbNous contacter\u00a0\u00bb button_alignment=\u00a0\u00bbcenter\u00a0\u00bb admin_label=\u00a0\u00bbBouton\u00a0\u00bb _builder_version=\u00a0\u00bb4.27.6&Prime; custom_button=\u00a0\u00bbon\u00a0\u00bb button_text_color=\u00a0\u00bb#ffffff\u00a0\u00bb button_bg_color=\u00a0\u00bb#e5c03d\u00a0\u00bb background_layout=\u00a0\u00bbdark\u00a0\u00bb button_letter_spacing_hover=\u00a0\u00bb0&Prime; global_colors_info=\u00a0\u00bb{}\u00a0\u00bb button_text_size__hover_enabled=\u00a0\u00bboff\u00a0\u00bb button_one_text_size__hover_enabled=\u00a0\u00bboff\u00a0\u00bb button_two_text_size__hover_enabled=\u00a0\u00bboff\u00a0\u00bb button_text_color__hover_enabled=\u00a0\u00bboff\u00a0\u00bb button_one_text_color__hover_enabled=\u00a0\u00bboff\u00a0\u00bb button_two_text_color__hover_enabled=\u00a0\u00bboff\u00a0\u00bb button_border_width__hover_enabled=\u00a0\u00bboff\u00a0\u00bb button_one_border_width__hover_enabled=\u00a0\u00bboff\u00a0\u00bb button_two_border_width__hover_enabled=\u00a0\u00bboff\u00a0\u00bb button_border_color__hover_enabled=\u00a0\u00bboff\u00a0\u00bb button_one_border_color__hover_enabled=\u00a0\u00bboff\u00a0\u00bb button_two_border_color__hover_enabled=\u00a0\u00bboff\u00a0\u00bb button_border_radius__hover_enabled=\u00a0\u00bboff\u00a0\u00bb button_one_border_radius__hover_enabled=\u00a0\u00bboff\u00a0\u00bb button_two_border_radius__hover_enabled=\u00a0\u00bboff\u00a0\u00bb button_letter_spacing__hover_enabled=\u00a0\u00bbon\u00a0\u00bb button_letter_spacing__hover=\u00a0\u00bb0&Prime; button_one_letter_spacing__hover_enabled=\u00a0\u00bboff\u00a0\u00bb button_two_letter_spacing__hover_enabled=\u00a0\u00bboff\u00a0\u00bb button_bg_color__hover_enabled=\u00a0\u00bboff\u00a0\u00bb button_one_bg_color__hover_enabled=\u00a0\u00bboff\u00a0\u00bb button_two_bg_color__hover_enabled=\u00a0\u00bboff\u00a0\u00bb][\/et_pb_button][et_pb_text admin_label=\u00a0\u00bbTexte\u00a0\u00bb _builder_version=\u00a0\u00bb4.16&Prime; background_size=\u00a0\u00bbinitial\u00a0\u00bb background_position=\u00a0\u00bbtop_left\u00a0\u00bb background_repeat=\u00a0\u00bbrepeat\u00a0\u00bb use_border_color=\u00a0\u00bboff\u00a0\u00bb border_color=\u00a0\u00bb#ffffff\u00a0\u00bb border_style=\u00a0\u00bbsolid\u00a0\u00bb global_colors_info=\u00a0\u00bb{}\u00a0\u00bb]<\/p>\n<hr>\n<p>&nbsp;<\/p>\n<h2>Nos r\u00e9alisations :<\/h2>\n<p>[\/et_pb_text][\/et_pb_column][\/et_pb_row][et_pb_row admin_label=\u00a0\u00bbLigne\u00a0\u00bb _builder_version=\u00a0\u00bb4.16&Prime; background_size=\u00a0\u00bbinitial\u00a0\u00bb background_position=\u00a0\u00bbtop_left\u00a0\u00bb background_repeat=\u00a0\u00bbrepeat\u00a0\u00bb global_colors_info=\u00a0\u00bb{}\u00a0\u00bb][et_pb_column type=\u00a0\u00bb4_4&Prime; _builder_version=\u00a0\u00bb4.16&Prime; custom_padding=\u00a0\u00bb|||\u00a0\u00bb global_colors_info=\u00a0\u00bb{}\u00a0\u00bb custom_padding__hover=\u00a0\u00bb|||\u00a0\u00bb][et_pb_gallery gallery_ids=\u00a0\u00bb712,720,718,715,714,713,94,827,834,835,839,840,857,858,859,860,861,893,894,895&Prime; posts_number=\u00a0\u00bb100&Prime; show_pagination=\u00a0\u00bboff\u00a0\u00bb admin_label=\u00a0\u00bbGalerie V\u00e9randas\u00a0\u00bb _builder_version=\u00a0\u00bb4.27.6&Prime; background_layout=\u00a0\u00bbdark\u00a0\u00bb hover_enabled=\u00a0\u00bb0&Prime; global_colors_info=\u00a0\u00bb{}\u00a0\u00bb sticky_enabled=\u00a0\u00bb0&Prime;][\/et_pb_gallery][et_pb_video image_src=\u00a0\u00bbhttps:\/\/www.groupepremier.fr\/wp-content\/uploads\/2017\/02\/IMG_1006-1.jpg\u00a0\u00bb admin_label=\u00a0\u00bbVid\u00e9o\u00a0\u00bb _builder_version=\u00a0\u00bb4.16&Prime; global_colors_info=\u00a0\u00bb{}\u00a0\u00bb][\/et_pb_video][\/et_pb_column][\/et_pb_row][\/et_pb_section]<\/p>\n","protected":false},"excerpt":{"rendered":"<p>Vos v\u00e9randas sur Nice, Cannes et Menton Claire et lumineuse, la v\u00e9randa constitue aujourd&rsquo;hui une v\u00e9ritable pi\u00e8ce \u00e0 vivre, habitable toute l&rsquo;ann\u00e9e. Des technico-commerciaux sont \u00e0 votre disposition pour vous aider \u00e0 r\u00e9aliser ou orienter vos projets de conception de v\u00e9randa par un am\u00e9nagement appropri\u00e9 des surfaces mises \u00e0 disposition, gr\u00e2ce \u00e0 de nombreux mat\u00e9riaux [&hellip;]<\/p>\n","protected":false},"author":1,"featured_media":0,"parent":0,"menu_order":0,"comment_status":"closed","ping_status":"closed","template":"","meta":{"_et_pb_use_builder":"on","_et_pb_old_content":"","_et_gb_content_width":"","footnotes":""},"class_list":["post-92","page","type-page","status-publish","hentry"],"aioseo_notices":[],"_links":{"self":[{"href":"https:\/\/www.groupepremier.fr\/index.php?rest_route=\/wp\/v2\/pages\/92","targetHints":{"allow":["GET"]}}],"collection":[{"href":"https:\/\/www.groupepremier.fr\/index.php?rest_route=\/wp\/v2\/pages"}],"about":[{"href":"https:\/\/www.groupepremier.fr\/index.php?rest_route=\/wp\/v2\/types\/page"}],"author":[{"embeddable":true,"href":"https:\/\/www.groupepremier.fr\/index.php?rest_route=\/wp\/v2\/users\/1"}],"replies":[{"embeddable":true,"href":"https:\/\/www.groupepremier.fr\/index.php?rest_route=%2Fwp%2Fv2%2Fcomments&post=92"}],"version-history":[{"count":26,"href":"https:\/\/www.groupepremier.fr\/index.php?rest_route=\/wp\/v2\/pages\/92\/revisions"}],"predecessor-version":[{"id":1311,"href":"https:\/\/www.groupepremier.fr\/index.php?rest_route=\/wp\/v2\/pages\/92\/revisions\/1311"}],"wp:attachment":[{"href":"https:\/\/www.groupepremier.fr\/index.php?rest_route=%2Fwp%2Fv2%2Fmedia&parent=92"}],"curies":[{"name":"wp","href":"https:\/\/api.w.org\/{rel}","templated":true}]}}

Véranda Nice

<p>[et_pb_section fb_built= »1&Prime; fullwidth= »on » admin_label= »Section » _builder_version= »4.16&Prime; global_colors_info= »{} »][et_pb_fullwidth_image src= »https://www.groupepremier.fr/wp-content/uploads/2017/02/header-veranda-nice.jpg » admin_label= »Image en pleine largeur » _builder_version= »4.16&Prime; animation_style= »slide » animation_direction= »left » animation_duration= »500ms » animation_intensity_slide= »10% » global_colors_info= »{} »][/et_pb_fullwidth_image][/et_pb_section][et_pb_section fb_built= »1&Prime; admin_label= »section » _builder_version= »4.16&Prime; global_colors_info= »{} »][et_pb_row admin_label= »row » _builder_version= »4.16&Prime; background_size= »initial » background_position= »top_left » background_repeat= »repeat » global_colors_info= »{} »][et_pb_column type= »4_4&Prime; _builder_version= »4.16&Prime; custom_padding= »||| » global_colors_info= »{} » custom_padding__hover= »||| »][et_pb_text admin_label= »Texte » _builder_version= »4.16&Prime; background_size= »initial » background_position= »top_left » background_repeat= »repeat » global_colors_info= »{} »]</p>
<h1>Vos vérandas sur Nice, Cannes et Menton</h1>
<p>Claire et lumineuse, la véranda constitue aujourd&rsquo;hui une véritable pièce à vivre, habitable toute l&rsquo;année.</p>
<p>Des technico-commerciaux sont à votre disposition pour vous aider à réaliser ou orienter vos projets de conception de véranda par un aménagement approprié des surfaces mises à disposition, grâce à de nombreux matériaux innovants et performants permettant un large choix de réalisations.</p>
<p>Notre savoir faire sera mis à votre disposition, y compris pour les démarches administratives.</p>
<p>Nos vérandas vous garantissent isolation, luminosité, étanchéité, confort, résistance et durabilité. Le coût est variable selon vos projets de construction, ainsi que de part la nature des différents matériaux employés pour la réalisation.</p>
<p>Vous avez aussi le choix entre différentes toitures, différentes épaisseurs, différents styles esthétiques: thermotop, plaque alvéolaire, toiture en verre, façon tuile traditionnelle&#8230;<br />
[/et_pb_text][/et_pb_column][/et_pb_row][et_pb_row _builder_version= »4.16&Prime; background_size= »initial » background_position= »top_left » background_repeat= »repeat » global_colors_info= »{} »][et_pb_column type= »4_4&Prime; _builder_version= »4.16&Prime; custom_padding= »||| » global_colors_info= »{} » custom_padding__hover= »||| »][et_pb_text _builder_version= »4.16&Prime; background_size= »initial » background_position= »top_left » background_repeat= »repeat » global_colors_info= »{} »]</p>
<h2>Nos zones d&rsquo;intervention</h2>
<p>Notre passion ? Transformer vos espaces de vie avec des vérandas sur mesure, de la vallée du Var jusqu&rsquo;au littoral méditerranéen. Nous couvrons un territoire riche et diversifié, des communes urbaines des <strong>Alpes-Maritimes (06</strong>) comme <strong>Nice </strong>et <strong>Cannes</strong> aux villages perchés comme <strong>Lucéram.</strong></p>
<p>Nos principales zones d&rsquo;intervention incluent par exemple :</p>
<ul>
<li><strong>Le Cannet</strong></li>
<li><strong>Vallauris</strong></li>
<li><strong>Grasse</strong></li>
<li><strong>Juan-les-Pins</strong></li>
<li><strong>Vence</strong></li>
<li><strong>Etc</strong>.</li>
</ul>
<p>Chaque véranda que nous concevons est pensée comme une extension unique de votre habitat, alliant innovation technique et respect architectural.</p>
<p>Dans les communes plus intimistes comme <strong>Tourrettes-sur-Loup</strong>, <strong>Saint-Paul-de-Vence</strong>, <strong>Gourdon</strong> ou <strong>Coursegoules</strong>, nous adaptons nos créations aux caractéristiques de chaque environnement. Nos vérandas deviennent de véritables trait d&rsquo;union entre intérieur et extérieur, valorisant le patrimoine local.</p>
<p>Nous étendons également nos services à <strong>Villefranche-sur-Mer</strong>, <strong>Roquebrune-Cap-Martin</strong> et jusqu&rsquo;à la principauté de <strong>Monaco</strong>, où l&rsquo;élégance et la précision sont des maîtres mots.<br />
[/et_pb_text][/et_pb_column][/et_pb_row][et_pb_row admin_label= »Ligne » _builder_version= »3.25&Prime; background_size= »initial » background_position= »top_left » background_repeat= »repeat » custom_padding= »8px||||| » make_fullwidth= »off » use_custom_width= »off » width_unit= »on » global_module= »1178&Prime; global_colors_info= »{} »][et_pb_column type= »4_4&Prime; _builder_version= »4.16&Prime; custom_padding= »||| » global_colors_info= »{} » custom_padding__hover= »||| »][et_pb_button button_url= »https://www.groupepremier.fr/?page_id=69&Prime; button_text= »Nous contacter » button_alignment= »center » admin_label= »Bouton » _builder_version= »4.27.6&Prime; custom_button= »on » button_text_color= »#ffffff » button_bg_color= »#e5c03d » background_layout= »dark » button_letter_spacing_hover= »0&Prime; global_colors_info= »{} » button_text_size__hover_enabled= »off » button_one_text_size__hover_enabled= »off » button_two_text_size__hover_enabled= »off » button_text_color__hover_enabled= »off » button_one_text_color__hover_enabled= »off » button_two_text_color__hover_enabled= »off » button_border_width__hover_enabled= »off » button_one_border_width__hover_enabled= »off » button_two_border_width__hover_enabled= »off » button_border_color__hover_enabled= »off » button_one_border_color__hover_enabled= »off » button_two_border_color__hover_enabled= »off » button_border_radius__hover_enabled= »off » button_one_border_radius__hover_enabled= »off » button_two_border_radius__hover_enabled= »off » button_letter_spacing__hover_enabled= »on » button_letter_spacing__hover= »0&Prime; button_one_letter_spacing__hover_enabled= »off » button_two_letter_spacing__hover_enabled= »off » button_bg_color__hover_enabled= »off » button_one_bg_color__hover_enabled= »off » button_two_bg_color__hover_enabled= »off »][/et_pb_button][et_pb_text admin_label= »Texte » _builder_version= »4.16&Prime; background_size= »initial » background_position= »top_left » background_repeat= »repeat » use_border_color= »off » border_color= »#ffffff » border_style= »solid » global_colors_info= »{} »]</p>
<hr>
<p>&nbsp;</p>
<h2>Nos réalisations :</h2>
<p>[/et_pb_text][/et_pb_column][/et_pb_row][et_pb_row admin_label= »Ligne » _builder_version= »4.16&Prime; background_size= »initial » background_position= »top_left » background_repeat= »repeat » global_colors_info= »{} »][et_pb_column type= »4_4&Prime; _builder_version= »4.16&Prime; custom_padding= »||| » global_colors_info= »{} » custom_padding__hover= »||| »][et_pb_gallery gallery_ids= »712,720,718,715,714,713,94,827,834,835,839,840,857,858,859,860,861,893,894,895&Prime; posts_number= »100&Prime; show_pagination= »off » admin_label= »Galerie Vérandas » _builder_version= »4.27.6&Prime; background_layout= »dark » hover_enabled= »0&Prime; global_colors_info= »{} » sticky_enabled= »0&Prime;][/et_pb_gallery][et_pb_video image_src= »https://www.groupepremier.fr/wp-content/uploads/2017/02/IMG_1006-1.jpg » admin_label= »Vidéo » _builder_version= »4.16&Prime; global_colors_info= »{} »][/et_pb_video][/et_pb_column][/et_pb_row][/et_pb_section]</p>

<p>Vos vérandas sur Nice, Cannes et Menton Claire et lumineuse, la véranda constitue aujourd&rsquo;hui une véritable pièce à vivre, habitable toute l&rsquo;année. Des technico-commerciaux sont à votre disposition pour vous aider à réaliser ou orienter vos projets de conception de véranda par un aménagement approprié des surfaces mises à disposition, grâce à de nombreux matériaux [&hellip;]</p>
